83.
3, 23, 2069
List the prime factors of 1139802.
2, 3, 189967
List the prime factors of 2852776.
2, 191, 1867
What are the prime factors of 169738?
2, 84869
What are the prime factors of 73039?
73039
What are the prime factors of 8416865?
5, 1683373
List the prime factors of 88410.
2, 3, 5, 7, 421
What are the prime factors of 4268101?
67, 63703
What are the prime factors of 736034?
2, 13, 28309
List the prime factors of 696461.
293, 2377
What are the prime factors of 2446?
2, 1223
List the prime factors of 3373846.
2, 7, 173, 199
What are the prime factors of 142419?
3, 29, 1637
What are the prime factors of 265314?
2, 3, 7, 6317
What are the prime factors of 670156?
2, 239, 701
List the prime factors of 989866.
2, 494933
What are the prime factors of 763057?
523, 1459
List the prime factors of 7233141.
3, 269, 8963
What are the prime factors of 7429079?
7, 1061297
What are the prime factors of 173630?
2, 5, 97, 179
What are the prime factors of 378796?
2, 11, 8609
List the prime factors of 89036.
2, 22259
What are the prime factors of 768075?
3, 5, 7, 11, 19
List the prime factors of 5715394.
2, 2857697
List the prime factors of 3596271.
3, 7, 171251
List the prime factors of 112.
2, 7
List the prime factors of 3659204.
2, 914801
What are the prime factors of 114652?
2, 28663
List the prime factors of 814002.
2, 3, 7, 19381
List the prime factors of 1267120.
2, 5, 47, 337
List the prime factors of 8740275.
3, 5, 116537
List the prime factors of 305784.
2, 3, 31, 137
List the prime factors of 3494174.
2, 1747087
What are the prime factors of 728419?
37, 19687
List the prime factors of 427349.
13, 71, 463
List the prime factors of 191670.
2, 3, 5, 6389
List the prime factors of 460133.
31, 14843
What are the prime factors of 5794511?
5794511
What are the prime factors of 117400?
2, 5, 587
What are the prime factors of 487446?
2, 3, 137, 593
What are the prime factors of 340421?
47, 7243
List the prime factors of 324123.
3, 108041
List the prime factors of 7431343.
7431343
What are the prime factors of 7617323?
7, 311, 3499
List the prime factors of 5374161.
3, 13, 61, 251
What are the prime factors of 684587?
684587
List the prime factors of 25777573.
47, 548459
List the prime factors of 1944201.
3, 7, 92581
What are the prime factors of 1053832?
2, 13, 10133
List the prime factors of 227289.
3, 239, 317
What are the prime factors of 40863?
3, 53, 257
What are the prime factors of 165174?
2, 3, 27529
List the prime factors of 149936.
2, 9371
List the prime factors of 670678.
2, 41, 8179
List the prime factors of 74136.
2, 3, 3089
List the prime factors of 64270.
2, 5, 6427
List the prime factors of 13179254.
2, 11, 79, 7583
What are the prime factors of 3424538?
2, 13, 131713
What are the prime factors of 2651435?
5, 83, 6389
List the prime factors of 31882117.
23, 1386179
What are the prime factors of 1413240?
2, 3, 5, 11777
What are the prime factors of 4940772?
2, 3, 199, 2069
What are the prime factors of 24615438?
2, 3, 4102573
List the prime factors of 2665554.
2, 3, 37, 12007
What are the prime factors of 218547?
3, 7, 3469
What are the prime factors of 744303?
3, 7, 23, 67
List the prime factors of 3876774.
2, 3, 11, 151, 389
What are the prime factors of 1262386?
2, 17, 107, 347
What are the prime factors of 167516?
2, 41879
List the prime factors of 6166238.
2, 13, 237163
What are the prime factors of 5925725?
5, 13, 18233
What are the prime factors of 4799909?
4799909
List the prime factors of 5245012.
2, 23, 47, 1213
What are the prime factors of 3299420?
2, 5, 199, 829
What are the prime factors of 11899734?
2, 3, 7, 11, 43, 599
What are the prime factors of 272045?
5, 54409
List the prime factors of 11172447.
3, 11, 13, 8681
What are the prime factors of 248295?
3, 5, 16553
What are the prime factors of 82963?
82963
What are the prime factors of 713224?
2, 89153
What are the prime factors of 2791701?
3, 11, 163, 173
List the prime factors of 689033.
689033
List the prime factors of 9931292.
2, 7, 354689
List the prime factors of 802724.
2, 13, 43, 359
What are the prime factors of 18545153?
11, 23, 3187
What are the prime factors of 3945552?
2, 3, 13, 6323
What are the prime factors of 201681?
3, 22409
List the prime factors of 192055.
5, 71, 541
What are the prime factors of 20203155?
3, 5, 7, 21379
List the prime factors of 12521925.
3, 5, 13, 1427
What are the prime factors of 4218575?
5, 168743
List the prime factors of 10446845.
5, 31, 67399
List the prime factors of 1146163.
31, 36973
List the prime factors of 3901377.
3, 61, 21319
List the prime factors of 179285.
5, 23, 1559
List the prime factors of 1740984.
2, 3, 7, 43, 241
What are the prime factors of 459614?
2, 37, 6211
What are the prime factors of 67467?
3, 43, 523
What are the prime factors of 1237391?
37, 53, 631
What are the prime factors of 629886?
2, 3, 61, 1721
What are the prime factors of 155910?
2, 3, 5, 5197
What are the prime factors of 7179885?
3, 5, 159553
List the prime factors of 261605.
5, 52321
List the prime factors of 300993.
3, 7, 11, 1303
List the prime factors of 1519933.
47, 73, 443
What are the prime factors of 8802205?
5, 157, 11213
List the prime factors of 19167300.
2, 3, 5, 31, 229
What are the prime factors of 3564519?
3, 7, 269, 631
List the prime factors of 1326761.
373, 3557
What are the prime factors of 324094?
2, 131, 1237
List the prime factors of 1790913.
3, 223, 2677
What are the prime factors of 396294?
2, 3, 257
List the prime factors of 30295546.
2, 29, 522337
What are the prime factors of 2525018?
2, 1262509
What are the prime factors of 279070?
2, 5, 11, 43, 59
List the prime factors of 1405056.
2, 3, 3659
List the prime factors of 237571.
237571
List the prime factors of 30645392.
2, 1915337
List the prime factors of 1636873.
7, 197, 1187
List the prime factors of 24874884.
2, 3, 139, 1657
List the prime factors of 215770.
2, 5, 21577
List the prime factors of 12043701.
3, 17, 19, 1381
What are the prime factors of 1028679?
3, 19, 18047
List the prime factors of 255709.
255709
What are the prime factors of 204585?
3, 5, 23, 593
What are the prime factors of 29143600?
2, 5, 72859
List the prime factors of 2441396.
2, 139, 4391
List the prime factors of 1060896.
2, 3, 43, 257
List the prime factors of 169173.
3, 18797
List the prime factors of 3444945.
3, 5, 7, 43, 109
List the prime factors of 11379483.
3, 1264387
List the prime factors of 129783.
3, 43261
What are the prime factors of 581650?
2, 5, 11633
List the prime factors of 4367635.
5, 873527
What are the prime factors of 5151128?
2, 19, 33889
List the prime factors of 477556.
2, 119389
List the prime factors of 27903768.
2, 3, 113, 10289
List the prime factors of 209076.
2, 3, 7, 19, 131
What are the prime factors of 4683001?
43, 108907
What are the prime factors of 4527870?
2, 3, 5, 150929
What are the prime factors of 2845949?
2845949
What are the prime factors of 21904464?
2, 3, 23, 19841
List the prime factors of 474627.
3, 158209
What are the prime factors of 15991044?
2, 3, 1332587
What are the prime factors of 197786?
2, 98893
What are the prime factors of 19214285?
5, 37, 283, 367
List the prime factors of 10797826.
2, 13, 59, 7039
List the prime factors of 8364804.
2, 3, 7, 99581
List the prime factors of 462167.
37, 12491
What are the prime factors of 1688660?
2, 5, 23, 3671
What are the prime factors of 11499945?
3, 5, 367, 2089
List the prime factors of 559006.
2, 7, 39929
List the prime factors of 157400.
2, 5, 787
What are the prime factors of 6008997?
3, 19, 47, 2243
List the prime factors of 16203072.
2, 3, 84391
What are the prime factors of 299342?
2, 97, 1543
What are the prime factors of 159511?
11, 17, 853
List the prime factors of 123641.
7, 17, 1039
List the prime factors of 5239165.
5, 1047833
List the prime factors of 254237.
97, 2621
List the prime factors of 150169.
150169
List the prime factors of 1303216.
2, 47, 1733
What are the prime factors of 1251549?
3, 13, 19, 563
What are the prime factors of 4905594?
2, 3, 272533
List the prime factors of 437741.
19, 23039
What are the prime factors of 916284?
2, 3, 29, 2633
What are the prime factors of 5567276?
2, 11, 13, 9733
What are the prime factors of 964105?
5, 29, 61, 109
List the